3
Let s(v) = 182*v - 724. Calculate s(4).
4
Let n(k) = -94*k - 3487. Calculate n(-37).
-9
Let t(s) = s**2 + 92*s + 92. Give t(-91).
1
Let t(a) = 116*a**2 + 576*a + 5. Calculate t(-5).
25
Let z(u) = 5*u - 170. Give z(-19).
-265
Let m(g) = -13*g**2 - 72*g + 30. Calculate m(-6).
-6
Let m(p) = 7*p + 139. Give m(-17).
20
Let n(j) = j**2 - 27*j + 470. What is n(23)?
378
Let o(f) = 80*f - 321. Calculate o(7).
239
Let v(a) = -a**2 + 43*a - 384. Determine v(11).
-32
Let z(g) = -32*g - 353. Determine z(-12).
31
Let h(y) = y - 77. Determine h(-46).
-123
Let d(u) = -152*u + 743. Calculate d(5).
-17
Let c(q) = q**3 + 34*q**2 + 293*q + 243. Determine c(-13).
-17
Let p(a) = a**3 - 12*a**2 - 16*a + 205. Calculate p(11).
-92
Let f(i) = 16*i - 1212. Determine f(65).
-172
Let o(c) = -83*c - 2916. What is o(-35)?
-11
Let j(d) = -3*d - 266. What is j(-55)?
-101
Let s(h) = h**3 - 45*h**2 + 2*h - 80. Determine s(45).
10
Let b(v) = v**2 - 54*v - 437. Calculate b(64).
203
Let u(j) = -j**2 - 136*j - 28. Calculate u(0).
-28
Let i(l) = 2*l**3 - 16*l**2 - 274*l + 2300. Calculate i(10).
-40
Let s(o) = 2*o**3 + 25*o**2 - 85*o - 10. Give s(3).
14
Let z(h) = -h**3 + 3*h**2 - 73*h + 227. Calculate z(3).
8
Let f(k) = k**2 - 171*k - 3193. Determine f(-17).
3
Let b(o) = 2*o**3 - 92*o**2 - 6*o + 218. What is b(46)?
-58
Let x(s) = s**3 + 20*s**2 - 73*s - 56. What is x(-23)?
36
Let z(g) = 5*g - 211. Give z(39).
-16
Let a(p) = p**3 - 22*p**2 - 49*p - 14. Calculate a(24).
-38
Let m(g) = g**3 + 26*g**2 - 3*g - 3. What is m(-26)?
75
Let k(g) = -g**2 + 18*g + 3. Calculate k(6).
75
Let f(i) = -14*i**2 + 2055*i + 446. Calculate f(147).
5
Let l(f) = 2*f**3 - 10*f**2 - 26*f + 39. What is l(7)?
53
Let h(w) = -87*w - 12967. Give h(-149).
-4
Let p(u) = 2*u**2 - 55*u + 1. Calculate p(27).
-26
Let h(g) = g**3 - 43*g**2 - 68*g + 1075. Give h(44).
19
Let k(q) = 66*q - 655. Determine k(10).
5
Let m(v) = -v**2 - 31*v - 216. Determine m(-17).
22
Let c(w) = -3*w - 57. Determine c(-3).
-48
Let s(t) = 2*t**3 + 14*t**2 - 10*t + 8. Give s(-8).
-40
Let o(s) = -2295*s + 22952. Give o(10).
2
Let d(o) = 19*o**2 - 51*o + 5. Determine d(3).
23
Let r(s) = 207*s + 1401. Determine r(-6).
159
Let o(y) = 5589*y - 5596. Calculate o(1).
-7
Let z(o) = 2*o**2 + 30*o - 57. Give z(0).
-57
Let t(s) = -3*s + 198. Give t(64).
6
Let o(h) = 207*h + 36399. What is o(-176)?
-33
Let d(k) = -k**2 + 5*k - 31. Determine d(-17).
-405
Let t(o) = 107*o + 2589. What is t(-24)?
21
Let d(r) = -82*r**3 + 3*r + 1. Determine d(-1).
80
Let v(d) = -13*d - 363. Determine v(-46).
235
Let p(l) = -l**2 - 18*l + 90. Determine p(-20).
50
Let j(c) = 9*c**3 - 2*c**2 - c + 2. Calculate j(-1).
-8
Let b(q) = 5*q + 22. What is b(7)?
57
Let r(s) = -167*s + 11350. Determine r(68).
-6
Let m(g) = 15*g - 40. Give m(3).
5
Let z(a) = -16*a**2 - 163*a - 390. What is z(-4)?
6
Let x(s) = -2*s**2 - 62*s - 95. Give x(-29).
21
Let x(t) = -285*t - 1133. Calculate x(-4).
7
Let o(a) = 185*a + 10352. Give o(-56).
-8
Let w(x) = 4*x**2 - 236*x - 163. Give w(61).
325
Let i(h) = 93*h - 212. Calculate i(2).
-26
Let t(s) = 19*s**3 + 5*s**2 - 2*s - 3. What is t(1)?
19
Let y(a) = a**3 - 34*a**2 + 2*a - 57. Give y(34).
11
Let f(s) = s**3 + 43*s**2 - 3*s - 13. Calculate f(-43).
116
Let c(r) = 284*r + 315. Determine c(-1).
31
Let s(u) = -u**2 + 273*u + 1954. What is s(-7)?
-6
Let j(c) = c**3 + 58*c**2 + 44*c + 2605. Calculate j(-58).
53
Let f(w) = -w**3 - 6*w**2 - w + 5. What is f(-5)?
-15
Let f(j) = -j**2 - 433*j + 6303. Give f(14).
45
Let p(y) = -y**3 + 13*y**2 - 30*y - 97. Calculate p(12).
-313
Let c(b) = -14*b + 260. Give c(35).
-230
Let r(o) = -o**2 + 33*o + 1638. Give r(-27).
18
Let q(y) = 4*y**2 - 17*y + 5. Give q(3).
-10
Let t(u) = -95*u - 10349. Give t(-109).
6
Let s(c) = 9*c**2 - 89*c + 68. Calculate s(9).
-4
Let v(x) = -4*x + 46. Calculate v(21).
-38
Let u(s) = -6*s**3 + 46*s**2 + 19*s - 28. What is u(8)?
-4
Let i(d) = -d**3 + 181*d**2 + 1318*d - 316. Give i(188).
60
Let n(g) = -g**3 - 5*g**2 + 19*g - 31. Calculate n(2).
-21
Let j(t) = 2*t**2 - 65*t + 140. Determine j(30).
-10
Let o(p) = 3*p**3 - 10*p**2 + 15*p - 20. Calculate o(3).
16
Let y(f) = 386*f - 44778. Calculate y(116).
-2
Let r(x) = 9*x - 259. Give r(25).
-34
Let q(h) = h**3 - h**2 - 6*h - 2. Calculate q(-7).
-352
Let s(l) = -38*l**3 + 54*l**2 - 126*l + 28. Calculate s(2).
-312
Let p(d) = -2*d**3 + 36*d**2 - 34*d + 5. What is p(17)?
5
Let z(b) = b**2 + 22*b + 56. What is z(-18)?
-16
Let o(h) = h**2 - 50*h + 515. Calculate o(36).
11
Let k(y) = -19*y - 323. Calculate k(-16).
-19
Let c(z) = z**3 - 38*z**2 + 186*z - 671. Calculate c(33).
22
Let c(i) = -657*i - 5265. What is c(-8)?
-9
Let x(j) = -28*j - 681. Calculate x(-26).
47
Let v(n) = -2*n**3 - 30*n**2 + 66*n - 18. Give v(-17).
16
Let b(g) = -g**3 - 6*g**2 + g - 29. Calculate b(-6).
-35
Let i(p) = -2*p**2 - 24*p - 90. Give i(-6).
-18
Let r(a) = -631*a - 1892. Give r(-3).
1
Let k(n) = n**3 + 11*n**2 + 366*n + 4006. What is k(-11)?
-20
Let d(v) = -5*v**2 + 524*v + 1049. What is d(-2)?
-19
Let u(b) = -b**3 + 142*b**2 + 587*b - 436. Determine u(146).
2
Let s(o) = -85*o + 41. Give s(3).
-214
Let v(a) = a**3 - 22*a + 10. What is v(5)?
25
Let f(u) = u**2 + 140*u + 1600. Calculate f(-13).
-51
Let k(m) = 2*m**3 + 24*m**2 - 28*m + 237. Give k(-14).
-155
Let r(y) = -y**3 + 17*y**2 + 83*y - 1424. Calculate r(17).
-13
Let b(l) = l**3 + 40*l**2 - 9*l - 222. Calculate b(-40).
138
Let q(g) = 4*g**3 + 41*g**2 - 32*g - 8. What is q(-11)?
-19
Let d(p) = -p**2 + 22*p - 8. Give d(22).
-8
Let m(a) = -38*a**2 + 17*a + 1. Determine m(-2).
-185
Let h(g) = 2*g**3 + 34*g**2 - 8*g - 130. What is h(-17)?
6
Let x(q) = q**3 + q**2 - q + 232. Calculate x(0).
232
Let v(x) = x**3 + 9*x**2 + 3. Calculate v(-4).
83
Let t(n) = 16*n**2 + 11*n + 27. Calculate t(-3).
138
Let o(v) = 134*v**2 - 809*v - 2. Give o(6).
-32
Let y(f) = -82*f + 6364. Determine y(77).
50
Let l(u) = 15*u - 59. Calculate l(5).
16
Let q(t) = -2*t**3 - 12*t**2 + 10*t + 41. Give q(-6).
-19
Let w(s) = 2*s**3 - 16*s**2 + 11*s - 84. Give w(8).
4
Let v(u) = u**2 + 284*u + 845. Give v(-3).
2
Let b(a) = -22*a - 533. Determine b(-27).
61
Let l(h) = h**2 + 42*h + 72. Determine l(-40).
-8
Let m(j) = 17*j - 44. Calculate m(11).
143
Let z(s) = -25*s - 446. Determine z(-15).
-71
Let b(u) = 18*u**3 + 10*u**2 + 5*u - 4. Give b(-1).
-17
Let r(s) = s**2 + 133*s + 4229. Calculate r(-53).
-11
Let t(p) = p**2 - 48*p + 265. Give t(19).
-286
Let m(k) = 22*k**2 + 92*k + 4. Give m(-6).
244
Let m(h) = 35*h - 48. Give m(2).
22
Let l(j) = -j**3 - 83*j**2 + 81*j - 345. Give l(-84).
-93
Let c(w) = 79*w + 834. Determine c(-11).
-35
Let o(g) = g**3 - 8*g**2 + 24*g - 18. Give o(6).
54
Let v(z) = 2*z**2 - 66*z - 458. Give v(39).
10
Let o(b) = -36*b**2 + 448*b + 776. Calculate o(14).
-8
Let t(v) = 13*v**2 + 1552*v + 591. Calculate t(-119).
-4
Let d(b) = -3*b**3 - 5*b**2 + 4*b - 11. Give d(4).
-267
Let h(m) = m**2 + 12*m - 75. Give h(8).
85
Let m(i) = -725*i - 692. Calculate m(-1).
33
Let q(f) = 2*f**3 - 10*f**2 + 14*f - 160. Calculate q(6).
-4
Let k(l) = 65*l**2 - 21*l - 19. What is k(-1)?
67
Let j(s) = -2*s**2 + 9*s - 1. Calculate j(3).
8
Let i(q) = q**3 + 27*q**2 - 11*q - 380. Determine i(-27).
-83
Let r(y) = -136*y + 4484. Calculate r(33).
-4
Let n(y) = 2*y**3 + 149*y**2 - 558*y - 929. Determine n(-78).
7
Let v(h) = 282*h + 1126. Determine v(-4).
-2
Let k(q) = q**2 + 222*q - 10149. Calculate k(39).
30
Let x(k) = -3*k**2 - 423*k + 12. What is x(-141)?
12
Let t(c) = -1861*c - 5576. Give t(-3).
7
Let v(h) = 559*h - 3327. Give v(6).
27
Let i(m) = -99*m + 20702. Determine i(209).
11
Let o(a) = -79*a + 4. What is o(1)?
-75
Let p(o) = -177*o + 1413. Give p(8).
-3
Let r(i) = i**3 + 39*i**2 + 225*i - 102. Determine r(-32).
-134
Let t(w) = 2*w**3 + 7*w**2 + 18*w + 18. Calculate t(-4).
-70
Let f(d) = 2*d + 491. What is f(0)?
491
Let w(v) = 23*v - 135. What is w(7)?
26
Let d(b) = 34*b**3 + 5*b - 22. Determine d(2).
260
Let l(g) = 2*g**3 + 120*g**2 + 232*g + 20. What is l(-58)?
20
Let i(u) = u**3 - 20*u**2 - 194*u + 143. What is i(27)?
8
Let j(u) = 551*u - 20358. What is j(37)?
29
Let j(x) = -x**2 + 22*x + 115. What is j(11)?
236
Let i(d) = d**3 - 91*d**2 + 3*d - 262. Calculate i(91).
11
Let j(u) = u**2 - 6*u + 12. Give j(8).
28
Let c(d) = -172*d - 13. Calculate c(-1).
